+ z + 1. Let o(a) = -a**3 - 2*a**2 - 4*a - 3. Let f(r) = -2*n(r) - o(r). Determine f(-1).
0
Let a = -42 + 42. Let w(y) = y**3 + y + 18. Determine w(a).
18
Let p(x) = 3 + 35*x - 49*x + 14. Let u(f) = 5*f - 6. Let c(b) = -6*p(b) - 17*u(b). What is c(-6)?
6
Let n = -12 + 7. Let v(b) = -3*b + b - 14*b**3 - 5*b**2 + 13*b**3 - 7 + 0. Calculate v(n).
3
Let w = 12 - 15. Let q(n) = n**3 + 5*n**2 + n. Give q(w).
15
Let l(x) = 3*x + 6. Suppose -5*d + 16 = -3*d. Suppose 4*t - 6*t = d. Give l(t).
-6
Let c be 2 + (-60)/14 + (-4)/(-14). Let g(j) = 0 - 2*j - 3 + 5. What is g(c)?
6
Let p(z) = 7*z + 1. Let s(j) = -15*j - 2. Let o = -3 - 3. Let h(q) = o*s(q) - 13*p(q). What is h(3)?
-4
Let q(k) = 2 + 6*k - k**3 + 3*k**2 + 2 - 5 - 2. Give q(4).
5
Let z(u) = -u**2 + 4*u - 2. Let y be ((-2)/4)/(2/(-28)). Suppose 3*o - 19 = -y. Calculate z(o).
-2
Suppose -9*p - 24 = -6*p. Let q(b) = b**3 + 9*b**2 + 10*b + 11. Determine q(p).
-5
Suppose -5*l - 4*n = 0, -2*l = -4*l - 2*n. Let w(m) = -m - 13. What is w(l)?
-13
Let r(l) = 3*l**3 + 10. Let w(k) = -8*k**3 + k**2 - k - 29. Let z(j) = -11*r(j) - 4*w(j). What is z(-4)?
-10
Let w(m) = -m**3 + 6*m**2 + 2*m - 8. Let k = 43 - 37. Calculate w(k).
4
Let h(j) = j**3 - j + 1. Let t(a) = a**3 + 5*a**2 + 2*a - 1. Let o(w) = -2*h(w) + t(w). Calculate o(6).
-15
Let k(z) = -z**2 + 6*z - 3. Let n(w) = -w - 3. Let s be n(-8). Give k(s).
2
Let h(o) be the third derivative of 0 - 2*o**2 + 1/6*o**3 + 1/6*o**4 + 0*o. Let u(b) = -5*b. Let g(z) = 3*h(z) + 2*u(z). Calculate g(-5).
-7
Let r(x) be the second derivative of x**3/6 + 2*x**2 - 9*x. Give r(-3).
1
Let b(o) be the second derivative of -o**5/20 - o**2 - o. Let m = -63 + 61. Determine b(m).
6
Let c(y) = 5*y - 12. Let d(p) = -6*p + 13. Let a(u) = 7*c(u) + 6*d(u). Let x(g) = 1 - 8 + 0 + 6*g - 7*g. Let h(b) = 7*a(b) - 6*x(b). What is h(-4)?
4
Let g(k) = k**2 + 7*k - 2. Suppose 16 = t - 3*t. Let l be 2/((t/6)/4). Determine g(l).
-8
Suppose 0*d = -2*d + 6. Let w(q) = -1 - 2 + q - d*q + 5. Let u be (0 + 2)/((-2)/(-3)). Determine w(u).
-4
Let k(l) = -10*l + 1. Let o(i) be the third derivative of -i**4/24 + 2*i**2. Let t be (-2)/5 + 6/(-10). Let v(p) = t*o(p) - k(p). Determine v(1).
10
Let o = 66 + -45. Suppose -4*y - 3 = o. Let b(s) = s + 6. What is b(y)?
0
Let a(w) = w. Suppose 4*z - 3 = 5. Let s(o) = -10*o. Let x(j) = z*s(j) + 18*a(j). Suppose 0*l - 16 = 2*l - 5*f, 2*l - 3*f + 8 = 0. What is x(l)?
-4
Let p(r) = 14*r + 15*r + 16*r - 46*r + 4. Calculate p(7).
-3
Let v(o) = -o**3 - 11. Let p(s) = -1 - 2*s**2 + 3*s**2 - 4 + 4*s. Let z be p(-5). Calculate v(z).
-11
Let u be -1*(1 - (3 + 1)). Let b(p) = -u*p + 2 + 7*p - 3 - p. Determine b(1).
2
Let b(f) be the first derivative of 5*f**2/2 + 3*f + 1. Suppose p = -1 + 2. Let z = -3 + p. Calculate b(z).
-7
Let j(x) = 5*x**2 - 3*x - 17. Let g(f) = 3*f**2 - f - 9. Suppose 0 = r - 0*r + 2. Let h be 1 + -9 + (r - -3). Let w(y) = h*g(y) + 4*j(y). Determine w(-4).
-1
Let d(l) = 9*l**2 + l + l**3 - 4 + 0*l**2 - 4*l**2 - 3*l. Determine d(-5).
6
Let x(s) be the first derivative of 1/4*s**4 + s**3 + 0*s - s**2 - 1. Let c = -3 - -1. Calculate x(c).
8
Suppose -89 - 91 = -3*p. Let t be p/(-14) + 4/14. Let d(v) = -v**3 - 4*v**2 + v. Calculate d(t).
-4
Let p be ((-150)/(-175))/((-1)/14*-2). Let q(s) = -s**3 + 7*s**2 - 7*s + 9. Determine q(p).
3
Let c be 1*2*-5*1. Let q be 4/c + 51/15. Suppose -2*p + q*s = 19, -s + 0*s + 5 = 0. Let g(j) = 4*j. Give g(p).
-8
Let h(r) be the third derivative of -r**6/120 + r**4/24 - r**3/3 + 8*r**2. What is h(2)?
-8
Let j(l) be the first derivative of -l**3/3 - l**2/2 - 16. Suppose 3*i = -i. Calculate j(i).
0
Let r(p) = p**3 - p - 2. Let a be r(2). Let d(y) = y - 7. Give d(a).
-3
Let u(s) be the third derivative of -s**5/60 - 11*s**2. Calculate u(4).
-16
Let p(b) = 6*b**2 + b - 1. Let q be p(1). Let z(g) = -q*g**3 - 2*g + 1 + 2*g - 2*g**2. Determine z(1).
-7
Let i(j) = -j**3 + j + 1. Let u(h) = 5*h**3 - 4*h**2 - 10*h - 7. Let p(m) = -4*i(m) - u(m). Calculate p(5).
8
Let w(b) = b**2 + 4*b - 1. Suppose 0 = 4*s + s + 10. Let j be w(s). Let c(z) = -z**3 - 4*z**2 + 6*z + 4. Determine c(j).
-1
Let s = 38 - 14. Suppose p = -2*p - s. Let k be (-22)/p + (-6)/(-24). Let i(c) = c**2 - 4*c + 2. Calculate i(k).
-1
Let m = -1 + 11. Let q be m/14 + (-6)/(-21). Let c(s) = 4*s**3 - 3*s**3 - 4*s**2 + q - s**2. Give c(5).
1
Let n = -21 - -29. Let z(s) = s**2 - 8*s + 6. Determine z(n).
6
Let k be ((-2)/3)/((-14)/63). Let d(n) = 1. Let m(b) = b + 2. Let c(f) = k*m(f) - 6*d(f). What is c(1)?
3
Let q(p) = -10*p**2 + 2 + 3*p - 5*p**2 + 14*p**2. Give q(2).
4
Let j = 4 + -6. Let i(b) = 4*b**2 + 9*b - 9. Let v(u) = -11*u**2 - 25*u + 26. Let d(p) = 17*i(p) + 6*v(p). Give d(j).
5
Let o(g) be the second derivative of 1/3*g**3 + 0 + 1/24*g**4 - 1/2*g**2 - 1/60*g**5 + g. Let p(b) be the first derivative of o(b). Determine p(-2).
-4
Let j(t) = t**3 - 6*t**2 + 5*t - 4. Let f(a) = a**2 + 4*a + 4. Let x be f(0). Calculate j(x).
-16
Let i(j) be the third derivative of j**5/60 - j**4/24 + j**3/6 + 3*j**2. Let v(o) = 2*o + 18. Let y be v(-8). What is i(y)?
3
Let n(y) = -2*y - 5. Let x be n(-5). Suppose -5*m = x*u - 25, -23 = -4*m - 2*u - 7. Suppose -9 = m*q - 6*q. Let f(j) = -j + 4. Calculate f(q).
1
Let j(q) = -3*q + 3 + q**3 - 3*q**2 + q + 0*q**2. Suppose -20*u = -6*u - 42. Calculate j(u).
-3
Let q = 3 + -1. Let c(v) = -7*v + 0 - 10 - 4*v**2 + 3*v**2 + q. Give c(-6).
-2
Let z(a) = a**2 + 5*a - 2. Let i(s) = -2*s + 2. Let l be 1*6*(-6)/(-9). Let p be i(l). Calculate z(p).
4
Let t(q) = -q - 8. Suppose -n = 5*f + 27, 3*f - 4*n = f - 24. Let o be (-4)/f - 17/3. Let h be t(o). Let s(j) = j**2 + 5*j + 3. Calculate s(h).
-3
Let s(f) be the third derivative of f**5/60 + f**4/8 - f**3/2 - 8*f**2. What is s(2)?
7
Let o(j) be the first derivative of j**2/2 + j + 24. Let l be (18/(-4))/((-6)/8). Give o(l).
7
Let z(l) = l**3 + 8*l**2 - 2*l - 12. Suppose 22 = -0*v + 2*v. Suppose 3 = u + v. Give z(u).
4
Let i(s) = -1 + s**3 - 4*s + 2*s**2 - 5*s**2 + 0. Let y(d) = -6 + 4 + d**3 + 3*d - 7*d + d - 3*d**2. Let a(u) = 2*i(u) - 3*y(u). Determine a(4).
-8
Let r(z) = 2 - 4*z + 8*z**2 + 0*z**3 - 5*z**2 + 0 - z**3. Give r(2).
-2
Let j(s) = -s**2 - 5*s + 5. Suppose r = 3*g - 4*r - 7, -2*g + r = 7. Determine j(g).
-1
Let u(g) = -g**2 + 4*g + 6. Let c be u(5). Suppose -b + c = -2. Suppose 6 = b*f - 9. Let x(y) = y - 3. What is x(f)?
2
Let t = 8 + -11. Let w(a) be the second derivative of a**3/6 + 7*a**2/2 + 3*a. Let n(s) = -2*s - 14. Let m(j) = t*n(j) - 7*w(j). Give m(-4).
-3
Suppose -2*f + 0 = 2. Let u(z) = 3*z - 1. Determine u(f).
-4
Let b(s) = 5*s**2 + s. Let a be 2/((1 - 2) + -1). Determine b(a).
4
Suppose 25*d = 26*d - 4. Let z(o) = o - 2. Determine z(d).
2
Let d(x) = -x. Let s = -42 - -49. Determine d(s).
-7
Let a(n) be the third derivative of -n**6/60 + n**5/30 + n**3/6 + 5*n**2. What is a(2)?
-7
Let c(n) be the second derivative of n**4/12 - 5*n**3/6 - 9*n. Determine c(6).
6
Suppose -q - 32 = 4*q - 2*k, 3*q = 5*k - 23. Let w(z) = -z**3 - 5*z**2 + 3*z - 6. Give w(q).
12
Let q(o) = -o**2 + 4*o - 2. Let a be q(2). Let k be -2*((-5)/(-2) - a). Let u(w) = -2*w - 3. Let m(p) = -p - 1. Let g(f) = k*u(f) + 3*m(f). What is g(2)?
-2
Let h = 7 + 3. Let o(t) = t**2 - 9*t - 7. Let c be o(h). Let d(l) be the first derivative of 2*l**3/3 - l**2 + l + 1. Calculate d(c).
13
Let y(d) = d**2 + 8*d + 4. Let j(z) = -z. Let h(g) = 4*j(g) + y(g). Let x be h(-3). Let i(b) = -7 - 4*b + 6*b - 3*b - x. What is i(-6)?
-2
Let y(q) = q - 4*q + 2*q - 1. Suppose 4*a = -4*o + 32, -a + 0 = -3. Let w = 9 - o. Give y(w).
-5
Suppose -y - 16 = -5*h - 3, 15 = 5*h. Let z(m) = 0*m - m - 4 - m**y + 3*m. Determine z(3).
-7
Let k(s) = s**2 + 3*s - 4. Let o(u) be the first derivative of -u**2/2 + u - 3. Let r be o(0). Suppose -13 = 3*z - r. Give k(z).
0
Let d(f) = -5*f**2 + 9*f + 11. Let n(v) = -14*v**2 + 26*v + 32. Let m(x) = -11*d(x) + 4*n(x). Suppose -2 = -5*c + 28. What is m(c)?
1
Let h(m) = -m - 3. Let j(r) = -r - 1. Let b be j(-4). Calculate h(b).
-6
Let s(i) = i**2 + i**2 - 2 - 6*i - 3*i**2. Calculate s(-6).
-2
Let x(h) = -h - 9. Let w be (-8)/3*(-6)/4. Let q = 7 - w. Suppose -2*a = -q*j - 5, 3*j = 3*a - 0*j. What is x(a)?
-4
Let x be 0 + (-3)/3 - -2. Let n(v) = -3*v + 1 + 3*v**3 - 4*v + 5*v. What is n(x)?
2
Let b(j) = 7*j - 1